{"id":49,"date":"2015-07-25T13:43:34","date_gmt":"2015-07-25T12:43:34","guid":{"rendered":"http:\/\/5.150.195.197\/~ysex\/?page_id=49"},"modified":"2025-07-21T18:33:59","modified_gmt":"2025-07-21T16:33:59","slug":"evenemang","status":"publish","type":"page","link":"https:\/\/www.ysex.se\/?page_id=49","title":{"rendered":"Evenemang"},"content":{"rendered":"<div id=\"pl-49\"  class=\"panel-layout\" ><div id=\"pg-49-0\"  class=\"panel-grid panel-has-style\" ><div style=\"border-bottom: 1px solid #000000;padding: 20px 0; \" data-overlay=\"true\" data-overlay-color=\"#000000\" class=\"panel-row-style panel-row-style-for-49-0\" ><div id=\"pgc-49-0-0\"  class=\"panel-grid-cell\" ><div id=\"panel-49-0-0-0\" class=\"so-panel widget widget_black-studio-tinymce widget_black_studio_tinymce panel-first-child panel-last-child\" data-index=\"0\" ><div style=\"text-align: left;\" data-title-color=\"#443f3f\" data-headings-color=\"#443f3f\" class=\"panel-widget-style panel-widget-style-for-49-0-0-0\" ><h3 class=\"widget-title\">HHH<\/h3><div class=\"textwidget\"><p style=\"text-align: center;\"><div class=\"animated fadeIn delay0 duration2 eds-on-scroll\" eds_scroll_offset=\"80\"><\/p>\n<p style=\"text-align: center;\">Mysteriernas mysterium, g\u00e5tornas g\u00e5ta, \u00e4ventyrens \u00e4ventyr.<br \/>\nN\u00e4r kylan kryper p\u00e5 om h\u00f6sten bjuder Y6 in till en upplevelse ut\u00f6ver det vanliga. <strong>Hic Haec Hoc<\/strong> inleds med en sp\u00e4nnande resa runt de \u00f6stg\u00f6tska skogarna med flera kraftprov p\u00e5 v\u00e4gen. Resen\u00e4rerna b\u00f6r vara varsamma f\u00f6r de dinosaurier som nu h\u00e4rjar fritt i link\u00f6pingstrakten. Kanske h\u00f6r du ett vr\u00e5l och hinner g\u00f6mma dig i tid? Eller lurar dinosaurien redan i buskarna bakom dig ? De starka som \u00f6verlever dagen kan f\u00f6rv\u00e4nta sig en riktig segerfest i Dino-aura.<\/p>\n<p style=\"text-align: center;\"><strong>Har du vad som kr\u00e4vs?<\/strong><\/p>\n<p style=\"text-align: center;\">RAWR<\/p>\n<p style=\"text-align: center;\"><\/div><\/p>\n<\/div><\/div><\/div><\/div><div id=\"pgc-49-0-1\"  class=\"panel-grid-cell\" ><div id=\"panel-49-0-1-0\" class=\"so-panel widget widget_black-studio-tinymce widget_black_studio_tinymce panel-first-child panel-last-child\" data-index=\"1\" ><div style=\"text-align: left;\" data-title-color=\"#443f3f\" data-headings-color=\"#443f3f\" class=\"panel-widget-style panel-widget-style-for-49-0-1-0\" ><div class=\"textwidget\"><div class=\"carousel\">\n<img decoding=\"async\" class=\"carousel-image active\" src=\"https:\/\/www.ysex.se\/wp-content\/uploads\/2015\/08\/trail-690619_1280-kopia.jpg\"><br \/>\n<img decoding=\"async\" class=\"carousel-image prepare-next\" src=\"https:\/\/www.ysex.se\/wp-content\/uploads\/2015\/08\/foggy-545838_1280-kopia.jpg\"><br \/>\n<img decoding=\"async\" class=\"carousel-image\" src=\"https:\/\/www.ysex.se\/wp-content\/uploads\/2015\/08\/10608723_747706175308034_2501191556697199270_o.jpg\">\n<\/div>\n<\/div><\/div><\/div><\/div><\/div><\/div><div id=\"pg-49-1\"  class=\"panel-grid panel-has-style\" ><div style=\"border-bottom: 1px solid #000000;padding: 20px 0; \" data-overlay=\"true\" data-overlay-color=\"#000000\" class=\"panel-row-style panel-row-style-for-49-1\" ><div id=\"pgc-49-1-0\"  class=\"panel-grid-cell\" ><div id=\"panel-49-1-0-0\" class=\"so-panel widget widget_black-studio-tinymce widget_black_studio_tinymce panel-first-child panel-last-child\" data-index=\"2\" ><div style=\"text-align: left;\" data-title-color=\"#443f3f\" data-headings-color=\"#443f3f\" class=\"panel-widget-style panel-widget-style-for-49-1-0-0\" ><div class=\"textwidget\"><div class=\"carousel\">\n<img decoding=\"async\" class=\"carousel-image active\" src=\"https:\/\/www.ysex.se\/wp-content\/uploads\/2015\/08\/1506615_820888681292318_8609385802872941284_n.jpg\"><br \/>\n<img decoding=\"async\" class=\"carousel-image prepare-next\" src=\"https:\/\/www.ysex.se\/wp-content\/uploads\/2015\/08\/10404428_820889224625597_3196430322795908994_n.jpg\"><br \/>\n<img decoding=\"async\" class=\"carousel-image\" src=\"https:\/\/www.ysex.se\/wp-content\/uploads\/2015\/08\/10639603_820888791292307_7185986465727600291_n.jpg\"><br \/>\n<img decoding=\"async\" class=\"carousel-image\" src=\"https:\/\/www.ysex.se\/wp-content\/uploads\/2015\/08\/10945674_820889274625592_5733468119108794896_n.jpg\">\n<\/div>\n<\/div><\/div><\/div><\/div><div id=\"pgc-49-1-1\"  class=\"panel-grid-cell\" ><div id=\"panel-49-1-1-0\" class=\"so-panel widget widget_black-studio-tinymce widget_black_studio_tinymce panel-first-child panel-last-child\" data-index=\"3\" ><div style=\"text-align: left;\" data-title-color=\"#443f3f\" data-headings-color=\"#443f3f\" class=\"panel-widget-style panel-widget-style-for-49-1-1-0\" ><h3 class=\"widget-title\">TK<\/h3><div class=\"textwidget\"><p style=\"text-align: center;\"><div class=\"animated fadeIn delay0 duration2 eds-on-scroll\" eds_scroll_offset=\"80\"><\/p>\n<p style=\"text-align: center;\">N\u00e4r tenta\u00e5ngesten \u00e4r som st\u00f6rst \u00e4r Y6 \u00e5ter i farten.\u00a0<strong>TK\u00a0<\/strong>\u00e4r \u00e5rets f\u00f6rsta fest, till f\u00f6r att f\u00f6ryngra sinnen, lindra \u00e5ngest och radera\u00a0de sista minnena av de g\u00e5ngna kurserna, f\u00f6r att f\u00f6rbereda LiU:s studenter f\u00f6r n\u00e4sta l\u00e4speriod. Vill du vara redo f\u00f6r \u00e5rets eskapader, missa d\u00e5 inte \u00e5rets f\u00f6rsta, men otvivelaktigt ett av \u00e5rets viktigaste, partaj.<\/p>\n<p style=\"text-align: center;\"><\/div><\/p>\n<\/div><\/div><\/div><\/div><\/div><\/div><div id=\"pg-49-2\"  class=\"panel-grid panel-has-style\" ><div style=\"border-bottom: 1px solid #000000;padding: 20px 0; \" data-overlay=\"true\" data-overlay-color=\"#000000\" class=\"panel-row-style panel-row-style-for-49-2\" ><div id=\"pgc-49-2-0\"  class=\"panel-grid-cell\" ><div id=\"panel-49-2-0-0\" class=\"so-panel widget widget_black-studio-tinymce widget_black_studio_tinymce panel-first-child panel-last-child\" data-index=\"4\" ><div style=\"text-align: left;\" data-title-color=\"#443f3f\" data-headings-color=\"#443f3f\" class=\"panel-widget-style panel-widget-style-for-49-2-0-0\" ><h3 class=\"widget-title\">VSR<\/h3><div class=\"textwidget\"><p style=\"text-align: center;\"><div class=\"animated fadeIn delay0 duration2 eds-on-scroll\" eds_scroll_offset=\"60\"><\/p>\n<p style=\"text-align: center; padding: 0px 10px;\">Innan\u00a0<strong>TKs<\/strong> efterdyningar ens har lagt sig, k\u00e4nner LiU:s studenter \u00e5ter igen av att n\u00e5got stort, likt ett presidentiellt val, \u00e4r i g\u00f6rningen. Redan tv\u00e5 veckor efter\u00a0k\u00e5rallens d\u00f6rrar st\u00e4ngts, \u00e4r det dags f\u00f6r \u00e5rets mest grandiosa och spektakul\u00e4ra festhelg.\u00a0<strong><a href=\"http:\/\/vallasaucerrennen.se\">Valla Saucer Rennen<\/a>\u00a0<\/strong>\u00e4r Y6 allra st\u00f6rsta tillst\u00e4llning som str\u00e4cker sig \u00f6ver tre dagar. Under dessa tre dagar blir Link\u00f6ping stolt v\u00e4rd f\u00f6r utlandslag fr\u00e5n hela Sverige. Ingen kan h\u00e5lla sig ifr\u00e5n att g\u00e5 loss n\u00e4r Y6 bjuder in till norra Europas st\u00f6rsta parallellsaucert\u00e4vling.<\/p>\n<p style=\"text-align: center; padding: 0px 10px;\">Helgen inleds p\u00e5 torsdagen med <span style=\"text-decoration: underline;\">t\u00fcrolerr\u00f6jet<\/span>, en kravall\u00a0f\u00f6r att v\u00e4rma upp studenternas sinnen och f\u00f6rbereda dem f\u00f6r t\u00e4vlingen. Festen forts\u00e4tter under fredagen \u00e4nda fram till l\u00f6rdag f\u00f6rmiddag, d\u00e5 vallf\u00e4rdande lag t\u00e4vlar om att vara snyggast eller snabbast f\u00f6r att f\u00e5 chansen att ta del av prispotten. N\u00e4r vinnaren har korats \u00e4r det dags f\u00f6r <span style=\"text-decoration: underline;\">efterk\u00e4lken<\/span>, ett hejdundrande eftersl\u00e4pp som garanterat inte l\u00e4mnar n\u00e5gon ober\u00f6rd!<\/p>\n<p style=\"text-align: center; padding: 0px 10px;\">F\u00f6r att klara sina studier och vara s\u00e5 duktig som m\u00f6jligt, rekommenderar Y6 att man f\u00f6ljer r\u00e5det att b\u00f6rja f\u00f6rfesta till VSR redan i augusti, man vet aldrig n\u00e4r det kan vara f\u00f6rsent!<\/p>\n<p style=\"text-align: center; padding: 0px 10px;\"><strong>Vi ses i backen!<\/strong><\/p>\n<p style=\"text-align: center;\"><\/div>.<\/p>\n<\/div><\/div><\/div><\/div><div id=\"pgc-49-2-1\"  class=\"panel-grid-cell\" ><div id=\"panel-49-2-1-0\" class=\"so-panel widget widget_black-studio-tinymce widget_black_studio_tinymce panel-first-child panel-last-child\" data-index=\"5\" ><div style=\"text-align: left;\" data-title-color=\"#443f3f\" data-headings-color=\"#443f3f\" class=\"panel-widget-style panel-widget-style-for-49-2-1-0\" ><div class=\"textwidget\"><div class=\"carousel\">\n<img decoding=\"async\" class=\"carousel-image active\" src=\"https:\/\/www.ysex.se\/wp-content\/uploads\/2015\/08\/11080899_835676499844334_8471285621926015313_n.jpg\"><br \/>\n<img decoding=\"async\" class=\"carousel-image prepare-next\" src=\"https:\/\/www.ysex.se\/wp-content\/uploads\/2015\/08\/10911441_829531160428070_1151719361010717331_o.jpg\"><br \/>\n<img decoding=\"async\" class=\"carousel-image\" src=\"https:\/\/www.ysex.se\/wp-content\/uploads\/2015\/08\/10252145_825839240797262_3884793235010964811_n.jpg\"><br \/>\n<img decoding=\"async\" class=\"carousel-image\" src=\"https:\/\/www.ysex.se\/wp-content\/uploads\/2015\/08\/14609_835677399844244_4066025257188018393_n.jpg\">\n<\/div>\n<\/div><\/div><\/div><\/div><\/div><\/div><div id=\"pg-49-3\"  class=\"panel-grid panel-has-style\" ><div style=\"border-bottom: 1px solid #000000;padding: 20px 0; \" data-overlay=\"true\" data-overlay-color=\"#000000\" class=\"panel-row-style panel-row-style-for-49-3\" ><div id=\"pgc-49-3-0\"  class=\"panel-grid-cell\" ><div id=\"panel-49-3-0-0\" class=\"so-panel widget widget_black-studio-tinymce widget_black_studio_tinymce panel-first-child\" data-index=\"6\" ><div style=\"text-align: left;\" data-title-color=\"#443f3f\" data-headings-color=\"#443f3f\" class=\"panel-widget-style panel-widget-style-for-49-3-0-0\" ><div class=\"textwidget\"><p><img loading=\"lazy\" decoding=\"async\" class=\"alignnone size-full wp-image-5189\" src=\"https:\/\/www.ysex.se\/wp-content\/uploads\/Yulbordet.jpg\" alt=\"\" width=\"2048\" height=\"1365\" \/><\/p>\n<\/div><\/div><\/div><div id=\"panel-49-3-0-1\" class=\"so-panel widget widget_black-studio-tinymce widget_black_studio_tinymce panel-last-child\" data-index=\"7\" ><div style=\"text-align: left;\" data-title-color=\"#443f3f\" data-headings-color=\"#443f3f\" class=\"panel-widget-style panel-widget-style-for-49-3-0-1\" ><h3 class=\"widget-title\">Yulbordet<\/h3><div class=\"textwidget\"><p style=\"text-align: center;\"><div class=\"animated fadeIn delay0 duration2 eds-on-scroll\" eds_scroll_offset=\"50\"><\/p>\n<p style=\"text-align: center;\">N\u00e4r julst\u00e4mningen b\u00f6rjar sprida sig \u00f6ver campus bjuder Y6, med matansvarige i spetsen, in\u00a0samtliga p\u00e5 Y-sektionen till en m\u00e5ltid utan dess like. P\u00e5 det \u00e5rliga\u00a0<strong>Yulbordet\u00a0<\/strong>hittar man allt och lite till av det som g\u00f6r julen till vad den \u00e4r, julmaten! Vare sig det \u00e4r hemmagjorda k\u00f6ttbullar, julskinka eller sill som \u00e4r din favorit kommer ingen mage l\u00e4mnas om\u00e4ttad.<\/p>\n<p style=\"text-align: center;\"><\/div><\/p>\n<\/div><\/div><\/div><\/div><div id=\"pgc-49-3-1\"  class=\"panel-grid-cell\" ><div id=\"panel-49-3-1-0\" class=\"so-panel widget widget_black-studio-tinymce widget_black_studio_tinymce panel-first-child\" data-index=\"8\" ><div style=\"text-align: left;\" data-title-color=\"#443f3f\" data-headings-color=\"#443f3f\" class=\"panel-widget-style panel-widget-style-for-49-3-1-0\" ><div class=\"textwidget\"><p><img loading=\"lazy\" decoding=\"async\" class=\"alignnone size-full wp-image-5186\" src=\"https:\/\/www.ysex.se\/wp-content\/uploads\/Sommar-Y-hemsidan.jpg\" alt=\"\" width=\"2048\" height=\"1367\" \/><\/p>\n<\/div><\/div><\/div><div id=\"panel-49-3-1-1\" class=\"so-panel widget widget_black-studio-tinymce widget_black_studio_tinymce panel-last-child\" data-index=\"9\" ><div style=\"text-align: left;\" data-title-color=\"#443f3f\" data-headings-color=\"#443f3f\" class=\"panel-widget-style panel-widget-style-for-49-3-1-1\" ><h3 class=\"widget-title\">Sommar-Y<\/h3><div class=\"textwidget\"><p style=\"text-align: center;\"><div class=\"animated fadeIn delay0 duration2 eds-on-scroll\" eds_scroll_offset=\"60\"><\/p>\n<p style=\"text-align: center;\">N\u00e4r sommaren snart st\u00e5r p\u00e5 tur t\u00e4nder Y6 grillarna och bjuder in till\u00a0<strong>Sommar-Y<\/strong>. D\u00e4r f\u00e5r alla pluggtr\u00f6tta Y:are chansen att gl\u00f6mma de kommande tentorna en stund med en bit grillat k\u00f6tt, en kall \u00f6l och kanske ett och annat Y6-gyckel!<\/p>\n<p style=\"text-align: center;\"><\/div>.<\/p>\n<\/div><\/div><\/div><\/div><\/div><\/div><\/div>","protected":false},"excerpt":{"rendered":"<p>HHH Mysteriernas mysterium, g\u00e5tornas g\u00e5ta, \u00e4ventyrens \u00e4ventyr. N\u00e4r kylan kryper p\u00e5 om h\u00f6sten bjuder Y6 in till en upplevelse ut\u00f6ver det vanliga. [&hellip;]<\/p>\n","protected":false},"author":6,"featured_media":0,"parent":0,"menu_order":0,"comment_status":"closed","ping_status":"closed","template":"page-templates\/page_front-page.php","meta":{"footnotes":""},"class_list":["post-49","page","type-page","status-publish","hentry"],"jetpack_sharing_enabled":true,"_links":{"self":[{"href":"https:\/\/www.ysex.se\/index.php?rest_route=\/wp\/v2\/pages\/49","targetHints":{"allow":["GET"]}}],"collection":[{"href":"https:\/\/www.ysex.se\/index.php?rest_route=\/wp\/v2\/pages"}],"about":[{"href":"https:\/\/www.ysex.se\/index.php?rest_route=\/wp\/v2\/types\/page"}],"author":[{"embeddable":true,"href":"https:\/\/www.ysex.se\/index.php?rest_route=\/wp\/v2\/users\/6"}],"replies":[{"embeddable":true,"href":"https:\/\/www.ysex.se\/index.php?rest_route=%2Fwp%2Fv2%2Fcomments&post=49"}],"version-history":[{"count":98,"href":"https:\/\/www.ysex.se\/index.php?rest_route=\/wp\/v2\/pages\/49\/revisions"}],"predecessor-version":[{"id":5523,"href":"https:\/\/www.ysex.se\/index.php?rest_route=\/wp\/v2\/pages\/49\/revisions\/5523"}],"wp:attachment":[{"href":"https:\/\/www.ysex.se\/index.php?rest_route=%2Fwp%2Fv2%2Fmedia&parent=49"}],"curies":[{"name":"wp","href":"https:\/\/api.w.org\/{rel}","templated":true}]}}